 7499.
1
Calculate the remainder when 46186 is divided by 135.
16
Calculate the remainder when 600295 is divided by 438.
235
Calculate the remainder when 434259 is divided by 1970.
859
Calculate the remainder when 750706 is divided by 3015.
2986
What is the remainder when 507943 is divided by 84634?
139
Calculate the remainder when 1051650 is divided by 1558.
0
Calculate the remainder when 326876 is divided by 17202.
38
What is the remainder when 9820 is divided by 7658?
2162
What is the remainder when 276663 is divided by 39312?
1479
What is the remainder when 67449640 is divided by 1326?
1324
What is the remainder when 12798451 is divided by 2559689?
6
What is the remainder when 379353374 is divided by 2025?
2024
What is the remainder when 823316 is divided by 8?
4
Calculate the remainder when 357387 is divided by 27480.
147
What is the remainder when 394285 is divided by 638?
1
Calculate the remainder when 4494879 is divided by 283.
273
What is the remainder when 1151309 is divided by 10099?
23
What is the remainder when 145186348 is divided by 558409?
8
Calculate the remainder when 248189 is divided by 47.
29
Calculate the remainder when 3542464 is divided by 590407.
22
What is the remainder when 11779 is divided by 11632?
147
What is the remainder when 733156 is divided by 8624?
116
What is the remainder when 5313982 is divided by 713?
706
Calculate the remainder when 42696 is divided by 14209.
69
What is the remainder when 5542457 is divided by 2812?
5
Calculate the remainder when 335454 is divided by 15973.
21
Calculate the remainder when 25006211 is divided by 124.
123
What is the remainder when 2226833 is divided by 139172?
81
Calculate the remainder when 933662 is divided by 5918.
4536
What is the remainder when 1203104 is divided by 70770?
14
What is the remainder when 514900 is divided by 8429?
731
Calculate the remainder when 618404959 is divided by 12020.
12019
What is the remainder when 11089008 is divided by 348?
336
Calculate the remainder when 9219786 is divided by 214413.
27
What is the remainder when 955195 is divided by 168?
115
Calculate the remainder when 1230603 is divided by 205086.
87
Calculate the remainder when 8651666 is divided by 79.
60
What is the remainder when 292524 is divided by 20756?
1940
Calculate the remainder when 357864 is divided by 3786.
1980
What is the remainder when 2493363 is divided by 3234?
3183
What is the remainder when 22717944 is divided by 850?
844
Calculate the remainder when 43193124 is divided by 589.
576
What is the remainder when 320055 is divided by 79651?
1451
What is the remainder when 5454468 is divided by 1854?
0
What is the remainder when 73711123 is divided by 126?
115
What is the remainder when 139174 is divided by 390?
334
Calculate the remainder when 11957670 is divided by 911.
795
Calculate the remainder when 172971903 is divided by 11.
5
What is the remainder when 848456 is divided by 1426?
1412
What is the remainder when 2210451 is divided by 93?
27
What is the remainder when 201510434 is divided by 5166934?
8
What is the remainder when 25320 is divided by 6021?
1236
Calculate the remainder when 1259339 is divided by 47.
21
Calculate the remainder when 7387164 is divided by 1630.
4
Calculate the remainder when 10784 is divided by 1022.
564
What is the remainder when 7956681 is divided by 46804?
1
What is the remainder when 56773603 is divided by 3548350?
3
What is the remainder when 17880621 is divided by 2235071?
53
What is the remainder when 13460433 is divided by 170?
3
Calculate the remainder when 23017350 is divided by 73.
12
Calculate the remainder when 21245082 is divided by 45.
42
What is the remainder when 6945 is divided by 686?
85
What is the remainder when 3732091 is divided by 2013?
2002
What is the remainder when 171215 is divided by 1664?
1487
What is the remainder when 742087 is divided by 117?
73
Calculate the remainder when 1298854 is divided by 8473.
2485
What is the remainder when 11279361 is divided by 40?
1
What is the remainder when 3450769 is divided by 19065?
4
What is the remainder when 14395791 is divided by 5?
1
What is the remainder when 22905611 is divided by 393?
392
Calculate the remainder when 112129 is divided by 112017.
112
What is the remainder when 474396 is divided by 1508?
884
Calculate the remainder when 12162297 is divided by 3040561.
53
What is the remainder when 239215 is divided by 18?
13
Calculate the remainder when 6914209 is divided by 342.
337
Calculate the remainder when 456258 is divided by 32537.
740
Calculate the remainder when 13079413 is divided by 108094.
39
Calculate the remainder when 2449351 is divided by 231.
58
What is the remainder when 1096052 is divided by 201?
200
Calculate the remainder when 225824 is divided by 1320.
104
Calculate the remainder when 1041380 is divided by 260338.
28
What is the remainder when 174460 is divided by 2248?
1364
Calculate the remainder when 118272 is divided by 4439.
2858
Calculate the remainder when 913140 is divided by 913073.
67
What is the remainder when 4239105 is divided by 108?
105
What is the remainder when 39308723 is divided by 45?
8
Calculate the remainder when 336522 is divided by 168218.
86
What is the remainder when 252300 is divided by 308?
48
What is the remainder when 51615 is divided by 942?
747
What is the remainder when 540470 is divided by 146?
124
Calculate the remainder when 514881 is divided by 128680.
161
Calculate the remainder when 1269 is divided by 298.
77
What is the remainder when 307616 is divided by 4734?
4640
What is the remainder when 646543 is divided by 42851?
3778
Calculate the remainder when 285459 is divided by 95067.
258
Calculate the remainder when 946913 is divided by 2315.
78
Calculate the remainder when 74530165 is divided by 46.
45
Calculate the remainder when 30676789 is divided by 1135.
9
Calculate the remainder when 66114 is divided by 16520.
34
Calculate the remainder when 253256 is divided by 122.
106
Calculate the remainder when 482451 is divided by 1003.
8
What is the remainder when 28957 is divided by 3470?
1197
What is the remainder when 102074 is divided by 2165?
319
What is the remainder when 336002407 is divided by 8?
7
What is the remainder when 149490 is divided by 4036?
158
What is the remainder when 2068979 is divided by 689617?
128
Calculate the remainder when 5827210 is divided by 109947.
19
What is the remainder when 578922 is divided by 1441?
1081
What is the remainder when 21049 is divided by 6389?
1882
Calculate the remainder when 1015958 is divided by 543.
5
What is the remainder when 164471 is divided by 41114?
15
What is the remainder when 323164 is divided by 409?
54
Calculate the remainder when 121440182 is divided by 107.
104
Calculate the remainder when 71219877 is divided by 180.
177
What is the remainder when 739960 is divided by 766?
4
Calculate the remainder when 264751 is divided by 52.
19
Calculate the remainder when 160685109 is divided by 5.
4
Calculate the remainder when 343788827 is divided by 259.
256
What is the remainder when 22918 is divided by 22892?
26
Calculate the remainder when 16583754 is divided by 2954.
2952
What is the remainder when 53936 is divided by 5362?
316
Calculate the remainder when 33457323 is divided by 141.
138
What is the remainder when 73893 is divided by 2646?
2451
Calculate the remainder when 2916673 is divided by 2916663.
10
What is the remainder when 100001 is divided by 1558?
289
Calculate the remainder when 39574 is divided by 62.
18
Calculate the remainder when 923645 is divided by 306605.
3830
Calculate the remainder when 52073 is divided by 3683.
511
Calculate the remainder when 107107 is divided by 20589.
4162
Calculate the remainder when 5088887 is divided by 58.
25
Calculate the remainder when 73691296 is divided by 4649.
4646
Calculate the remainder when 83896554 is divided by 3630.
3624
What is the remainder when 4448246 is divided by 28?
26
Calculate the remainder when 440632 is divided by 2770.
202
Calculate the remainder when 3553804 is divided by 941.
588
What is the remainder when 117001156 is divided by 6307?
6306
Calculate the remainder when 10953642 is divided by 89054.
0
Calculate the remainder when 4598109 is divided by 17416.
285
What is th